{"id":3402,"date":"2025-10-21T16:16:30","date_gmt":"2025-10-21T14:16:30","guid":{"rendered":"https:\/\/riverboat-bistro.de\/?page_id=3402"},"modified":"2025-11-17T11:36:21","modified_gmt":"2025-11-17T10:36:21","slug":"riverboat-feinkost","status":"publish","type":"page","link":"https:\/\/riverboat-bistro.de\/?page_id=3402","title":{"rendered":"Riverboat Feinkost"},"content":{"rendered":"<div data-colibri-id=\"3402-c1\" class=\"style-1257 style-local-3402-c1 position-relative\">\n  <!---->\n  <div data-colibri-component=\"section\" data-colibri-id=\"3402-c2\" id=\"about\" class=\"h-section h-section-global-spacing d-flex align-items-lg-center align-items-md-center align-items-center style-1258 style-local-3402-c2 position-relative\">\n    <!---->\n    <!---->\n    <div class=\"h-section-grid-container h-section-boxed-container\">\n      <!---->\n      <div data-colibri-id=\"3402-c3\" class=\"h-row-container gutters-row-lg-2 gutters-row-md-2 gutters-row-2 gutters-row-v-lg-2 gutters-row-v-md-2 gutters-row-v-2 style-1259 style-local-3402-c3 position-relative\">\n        <!---->\n        <div class=\"h-row justify-content-lg-center justify-content-md-center justify-content-center align-items-lg-stretch align-items-md-stretch align-items-stretch gutters-col-lg-2 gutters-col-md-2 gutters-col-2 gutters-col-v-lg-2 gutters-col-v-md-2 gutters-col-v-2\">\n          <!---->\n          <div class=\"h-column h-column-container d-flex h-col-lg-auto h-col-md-auto h-col-auto style-1260-outer style-local-3402-c4-outer\">\n            <div data-colibri-id=\"3402-c4\" class=\"d-flex h-flex-basis h-column__inner h-px-lg-2 h-px-md-2 h-px-2 v-inner-lg-2 v-inner-md-2 v-inner-2 style-1260 style-local-3402-c4 position-relative\">\n              <!---->\n              <!---->\n              <div class=\"w-100 h-y-container h-column__content h-column__v-align flex-basis-100 align-self-lg-center align-self-md-center align-self-center\">\n                <!---->\n                <div data-colibri-id=\"3402-c5\" class=\"h-global-transition-all h-heading style-1261 style-local-3402-c5 position-relative h-element\">\n                  <!---->\n                  <div class=\"h-heading__outer style-1261 style-local-3402-c5\">\n                    <!---->\n                    <!---->\n                    <h2 class=\"\">Vom&nbsp;<em style=\"color: rgb(3, 169, 244); font-family: &quot;Playfair Display&quot;;\"><span data-animation-duration=\"3.6\" data-type-animation=\"zoom\" data-colibri-component=\"fancy-title\"><span class=\"ah-headline zoom\"><span style=\"position: relative\" class=\"ah-words-wrapper\"><b class=\"is-visible\">Garten<\/b><b>Beet<\/b><b>Baum<\/b><\/span><\/span><\/span><\/em>                      ins&nbsp;<em style=\"color: rgb(3, 169, 244); font-family: &quot;Playfair Display&quot;;\">Glas<\/em>\n                      <br>&#8222;Riverboat Feinkost&#8220;<\/h2>\n                  <\/div>\n                <\/div>\n                <div data-colibri-id=\"3402-c6\" class=\"h-lead h-text h-text-component style-1262 style-local-3402-c6 position-relative h-element\">\n                  <!---->\n                  <!---->\n                  <div class=\"\">\n                    <p><span style=\"font-family: &quot;Playfair Display&quot;;\">Ehrliche, handgemachte Produkte<\/span><\/p>\n                  <\/div>\n                <\/div>\n                <div data-colibri-id=\"3402-c7\" class=\"h-text h-text-component style-1263 style-local-3402-c7 position-relative h-element\">\n                  <!---->\n                  <!---->\n                  <div class=\"\">\n                    <p><span style=\"font-family: &quot;Playfair Display&quot;;\">In unserem eigenen Garten und in unseren Hochbeeten findet man so manche Leckerei: frisches Gem\u00fcse, duftende Kr\u00e4uter, sonnengereifte Fr\u00fcchte und auch Exoten. Wir verarbeiten, was wir angebaut haben \u2013 ohne k\u00fcnstliche Zus\u00e4tze, daf\u00fcr mit viel Zeit und Liebe.<\/span><\/p>\n                    <p><span style=\"font-family: &quot;Playfair Display&quot;;\">Besonders beliebt sind neben unserer Tomatensuppe (geerntet aus vier Sorten von \u00fcber 60 Pflanzen) die im Sommer nach ausgiebigen Experimenten entstandenen Sirupe, die als Basis f\u00fcr erfrischende Limonaden und Cocktails dienen:<\/span><\/p>\n                    <p\n                      class=\"ql-indent-1\"><span style=\"font-family: &quot;Playfair Display&quot;;\">Lavendel &#8211; blumig und fein<br>Kr\u00e4uter &#8211; frisch und aromatisch<br>Hopfen\/Perilla (Shiso) &#8211; herb-fruchtig und besonders<\/span><\/p>\n                      <p><span style=\"font-family: &quot;Playfair Display&quot;;\">Neu hinzugekommen ist frischer Apfelsaft aus eigener Ernte. Auch Spezialit\u00e4ten wie Tomatenmarmelade, getrocknete Ernten, exotische Gew\u00fcrze und Gew\u00fcrz-\u00d6le geh\u00f6ren zum Sortiment.<\/span><\/p>\n                      <p><span style=\"font-family: &quot;Playfair Display&quot;;\">Jedes Glas, jede Flasche erz\u00e4hlt ein St\u00fcck Riverboat \u2013 handgemacht, speziell und mit Charakter. Und das schmeckt man auch.<\/span><\/p>\n                      <p><span style=\"font-family: &quot;Playfair Display&quot;;\">Unsere Produkte landen im Bistro direkt bei Ihnen auf dem Tisch \u2013 zum Genie\u00dfen vor Ort und bei ausreichender Menge auch zum Mitnehmen nach Hause.<\/span><\/p>\n                      <p><span style=\"font-family: &quot;Playfair Display&quot;;\">Mal sehen, was uns noch einf\u00e4llt und was Sie im kommenden Jahr in unseren Beeten entdecken k\u00f6nnen.<\/span><\/p>\n                  <\/div>\n                <\/div>\n              <\/div>\n            <\/div>\n          <\/div>\n          <div class=\"h-column h-column-container d-flex h-col-lg-auto h-col-md-auto h-col-auto style-1266-outer style-local-3402-c8-outer\">\n            <div data-colibri-id=\"3402-c8\" class=\"d-flex h-flex-basis h-column__inner h-px-lg-2 h-px-md-2 h-px-2 v-inner-lg-2 v-inner-md-2 v-inner-2 style-1266 style-local-3402-c8 position-relative\">\n              <!---->\n              <!---->\n              <div class=\"w-100 h-y-container h-column__content h-column__v-align flex-basis-100 align-self-lg-center align-self-md-center align-self-center\">\n                <!---->\n                <div data-colibri-id=\"3402-c9\" class=\"h-multiple-image style-1267 style-local-3402-c9 position-relative h-element\">\n                  <!---->\n                  <div class=\"position-relative\">\n                    <div class=\"h-multiple-image-inside-container\">\n                      <div class=\"ratio-inner\">\n                        <div data-colibri-id=\"3402-c10\" class=\"d-block style-1268 style-local-3402-c10 position-relative h-element\">\n                          <!---->\n                          <div class=\"h-image__frame-container-outer\">\n                            <div class=\"h-image__frame-container\">\n                              <!---->\n                              <!---->\n                              <img loading=\"lazy\" decoding=\"async\" width=\"1000\" height=\"1000\" src=\"https:\/\/riverboat-bistro.de\/wp-content\/uploads\/2025\/10\/cropped-chili.jpg\" class=\"style-1267-images style-local-3402-c9-images wp-image-3482 style-1268-image style-local-3402-c10-image\" alt=\"\" srcset=\"https:\/\/riverboat-bistro.de\/wp-content\/uploads\/2025\/10\/cropped-chili.jpg 1000w, https:\/\/riverboat-bistro.de\/wp-content\/uploads\/2025\/10\/cropped-chili-300x300.jpg 300w, https:\/\/riverboat-bistro.de\/wp-content\/uploads\/2025\/10\/cropped-chili-150x150.jpg 150w, https:\/\/riverboat-bistro.de\/wp-content\/uploads\/2025\/10\/cropped-chili-768x768.jpg 768w\" sizes=\"auto, (max-width: 1000px) 100vw, 1000px\" \/>\n                              <div class=\"h-image__frame h-hide-lg h-hide-md h-hide-sm style-1268-frameImage style-local-3402-c10-frameImage\"><\/div>\n                            <\/div>\n                          <\/div>\n                        <\/div>\n                        <div data-colibri-id=\"3402-c11\" class=\"d-block style-1269 style-local-3402-c11 position-relative h-element\">\n                          <!---->\n                          <div class=\"h-image__frame-container-outer\">\n                            <div class=\"h-image__frame-container\">\n                              <!---->\n                              <!---->\n                              <img loading=\"lazy\" decoding=\"async\" width=\"999\" height=\"1334\" src=\"https:\/\/riverboat-bistro.de\/wp-content\/uploads\/2025\/10\/cropped-sirup.jpg\" class=\"style-1267-images style-local-3402-c9-images wp-image-3486 style-1269-image style-local-3402-c11-image\" alt=\"\" srcset=\"https:\/\/riverboat-bistro.de\/wp-content\/uploads\/2025\/10\/cropped-sirup.jpg 999w, https:\/\/riverboat-bistro.de\/wp-content\/uploads\/2025\/10\/cropped-sirup-225x300.jpg 225w, https:\/\/riverboat-bistro.de\/wp-content\/uploads\/2025\/10\/cropped-sirup-767x1024.jpg 767w, https:\/\/riverboat-bistro.de\/wp-content\/uploads\/2025\/10\/cropped-sirup-768x1026.jpg 768w\" sizes=\"auto, (max-width: 999px) 100vw, 999px\" \/>\n                              <div class=\"h-image__frame h-hide-lg h-hide-md h-hide-sm style-1269-frameImage style-local-3402-c11-frameImage\"><\/div>\n                            <\/div>\n                          <\/div>\n                        <\/div>\n                        <div data-colibri-id=\"3402-c12\" class=\"d-block style-1270 style-local-3402-c12 position-relative h-element\">\n                          <!---->\n                          <div class=\"h-image__frame-container-outer\">\n                            <div class=\"h-image__frame-container\">\n                              <!---->\n                              <!---->\n                              <img loading=\"lazy\" decoding=\"async\" width=\"999\" height=\"1333\" src=\"https:\/\/riverboat-bistro.de\/wp-content\/uploads\/2025\/10\/cropped-apfelsaft.jpg\" class=\"style-1267-images style-local-3402-c9-images wp-image-3484 style-1270-image style-local-3402-c12-image\" alt=\"\" srcset=\"https:\/\/riverboat-bistro.de\/wp-content\/uploads\/2025\/10\/cropped-apfelsaft.jpg 999w, https:\/\/riverboat-bistro.de\/wp-content\/uploads\/2025\/10\/cropped-apfelsaft-225x300.jpg 225w, https:\/\/riverboat-bistro.de\/wp-content\/uploads\/2025\/10\/cropped-apfelsaft-767x1024.jpg 767w, https:\/\/riverboat-bistro.de\/wp-content\/uploads\/2025\/10\/cropped-apfelsaft-768x1025.jpg 768w\" sizes=\"auto, (max-width: 999px) 100vw, 999px\" \/>\n                              <div class=\"h-image__frame h-hide-lg h-hide-md h-hide-sm style-1270-frameImage style-local-3402-c12-frameImage\"><\/div>\n                            <\/div>\n                          <\/div>\n                        <\/div>\n                        <div data-colibri-id=\"3402-c13\" class=\"d-block style-1271 style-local-3402-c13 position-relative h-element\">\n                          <!---->\n                          <div class=\"h-image__frame-container-outer\">\n                            <div class=\"h-image__frame-container\">\n                              <!---->\n                              <!---->\n                              <img loading=\"lazy\" decoding=\"async\" width=\"1000\" height=\"1000\" src=\"https:\/\/riverboat-bistro.de\/wp-content\/uploads\/2025\/10\/cropped-pflaumen.jpg\" class=\"style-1267-images style-local-3402-c9-images wp-image-3488 style-1271-image style-local-3402-c13-image\" alt=\"\" srcset=\"https:\/\/riverboat-bistro.de\/wp-content\/uploads\/2025\/10\/cropped-pflaumen.jpg 1000w, https:\/\/riverboat-bistro.de\/wp-content\/uploads\/2025\/10\/cropped-pflaumen-300x300.jpg 300w, https:\/\/riverboat-bistro.de\/wp-content\/uploads\/2025\/10\/cropped-pflaumen-150x150.jpg 150w, https:\/\/riverboat-bistro.de\/wp-content\/uploads\/2025\/10\/cropped-pflaumen-768x768.jpg 768w\" sizes=\"auto, (max-width: 1000px) 100vw, 1000px\" \/>\n                              <div class=\"h-image__frame h-hide-lg h-hide-md h-hide-sm style-1271-frameImage style-local-3402-c13-frameImage\"><\/div>\n                            <\/div>\n                          <\/div>\n                        <\/div>\n                      <\/div>\n                    <\/div>\n                  <\/div>\n                <\/div>\n              <\/div>\n            <\/div>\n          <\/div>\n        <\/div>\n      <\/div>\n    <\/div>\n  <\/div>\n<\/div>","protected":false},"excerpt":{"rendered":"<p>Vom&nbsp;GartenBeetBaum ins&nbsp;Glas &#8222;Riverboat Feinkost&#8220; Ehrliche, handgemachte Produkte In unserem eigenen Garten und in unseren Hochbeeten findet man so manche Leckerei: frisches Gem\u00fcse, duftende Kr\u00e4uter, sonnengereifte Fr\u00fcchte und auch Exoten. Wir verarbeiten, was wir angebaut haben \u2013 ohne k\u00fcnstliche Zus\u00e4tze, daf\u00fcr mit viel Zeit und Liebe. Besonders beliebt sind neben unserer Tomatensuppe (geerntet aus vier Sorten [&hellip;]<\/p>\n","protected":false},"author":1,"featured_media":0,"parent":0,"menu_order":0,"comment_status":"closed","ping_status":"closed","template":"page-templates\/full-width-page.php","meta":{"footnotes":""},"class_list":["post-3402","page","type-page","status-publish","hentry"],"_links":{"self":[{"href":"https:\/\/riverboat-bistro.de\/index.php?rest_route=\/wp\/v2\/pages\/3402","targetHints":{"allow":["GET"]}}],"collection":[{"href":"https:\/\/riverboat-bistro.de\/index.php?rest_route=\/wp\/v2\/pages"}],"about":[{"href":"https:\/\/riverboat-bistro.de\/index.php?rest_route=\/wp\/v2\/types\/page"}],"author":[{"embeddable":true,"href":"https:\/\/riverboat-bistro.de\/index.php?rest_route=\/wp\/v2\/users\/1"}],"replies":[{"embeddable":true,"href":"https:\/\/riverboat-bistro.de\/index.php?rest_route=%2Fwp%2Fv2%2Fcomments&post=3402"}],"version-history":[{"count":17,"href":"https:\/\/riverboat-bistro.de\/index.php?rest_route=\/wp\/v2\/pages\/3402\/revisions"}],"predecessor-version":[{"id":3582,"href":"https:\/\/riverboat-bistro.de\/index.php?rest_route=\/wp\/v2\/pages\/3402\/revisions\/3582"}],"wp:attachment":[{"href":"https:\/\/riverboat-bistro.de\/index.php?rest_route=%2Fwp%2Fv2%2Fmedia&parent=3402"}],"curies":[{"name":"wp","href":"https:\/\/api.w.org\/{rel}","templated":true}]}}