{"id":33,"date":"2025-02-05T17:44:26","date_gmt":"2025-02-05T16:44:26","guid":{"rendered":"https:\/\/riverboat-bistro.de\/?page_id=33"},"modified":"2026-04-13T17:46:35","modified_gmt":"2026-04-13T15:46:35","slug":"colibri-wp","status":"publish","type":"page","link":"https:\/\/riverboat-bistro.de\/","title":{"rendered":"Start"},"content":{"rendered":"<div data-colibri-id=\"33-c1\" class=\"style-190 style-local-33-c1 position-relative\">\n  <!---->\n  <div data-colibri-component=\"section\" data-colibri-id=\"33-c2\" id=\"cta\" class=\"h-section h-section-global-spacing d-flex align-items-lg-center align-items-md-center align-items-center style-872 style-local-33-c2 position-relative\">\n    <div class=\"background-wrapper\">\n      <div class=\"background-layer background-layer-media-container-lg\">\n        <div data-enabled=\"true\" data-colibri-component=\"parallax\" class=\"background-layer paraxify\" model-id=\"33-c2\" media=\"desktop\" is-preview=\"true\" style=\"background-image: url(&quot;https:\/\/riverboat-bistro.de\/wp-content\/uploads\/2025\/02\/A643074-scaled.jpg&quot;);\"><\/div>\n      <\/div>\n      <div class=\"background-layer background-layer-media-container-md\">\n        <!---->\n      <\/div>\n      <div class=\"background-layer background-layer-media-container\">\n        <!---->\n      <\/div>\n    <\/div>\n    <!---->\n    <div class=\"h-section-grid-container h-section-fluid-container\">\n      <!---->\n      <div data-colibri-id=\"33-c3\" class=\"h-row-container gutters-row-lg-0 gutters-row-md-0 gutters-row-0 gutters-row-v-lg-0 gutters-row-v-md-0 gutters-row-v-0 style-873 style-local-33-c3 position-relative\">\n        <!---->\n        <div class=\"h-row justify-content-lg-center justify-content-md-center justify-content-center align-items-lg-stretch align-items-md-stretch align-items-stretch gutters-col-lg-0 gutters-col-md-0 gutters-col-0 gutters-col-v-lg-0 gutters-col-v-md-0 gutters-col-v-0\">\n          <!---->\n          <div class=\"h-column h-column-container d-flex h-col-lg-auto h-col-md-auto h-col-auto style-874-outer style-local-33-c4-outer\">\n            <div data-colibri-id=\"33-c4\" class=\"d-flex h-flex-basis h-column__inner h-px-lg-0 h-px-md-0 h-px-0 v-inner-lg-0 v-inner-md-0 v-inner-0 style-874 style-local-33-c4 position-relative\">\n              <!---->\n              <!---->\n              <div class=\"w-100 h-y-container h-column__content h-column__v-align flex-basis-100 align-self-lg-start align-self-md-start align-self-start\">\n                <!---->\n                <div data-colibri-id=\"33-c5\" class=\"h-global-transition-all h-heading style-875 style-local-33-c5 position-relative h-element\">\n                  <!---->\n                  <div class=\"h-heading__outer style-875 style-local-33-c5\">\n                    <!---->\n                    <!---->\n                    <h2 class=\"\">Aktuelles<\/h2>\n                  <\/div>\n                <\/div>\n                <div data-colibri-id=\"33-c7\" class=\"h-text h-text-component style-1354 style-local-33-c7 position-relative h-element\">\n                  <!---->\n                  <!---->\n                  <div class=\"\">\n                    <p><em>Schlie\u00dftage<\/em><\/p>\n                    <p>24. April &#8211; Geschlossene Gesellschaft\n                      <br>26. April &#8211; Geschlossene Gesellschaft\n                      <br>23. Mai<span style=\"font-weight: 400; font-size: 24px; font-family: &quot;Playfair Display&quot;; color: rgb(23, 37, 42);\">&nbsp;&#8211; Geschlossene Gesellschaft<\/span>\n                      <br>06. Juni <span style=\"font-weight: 400; font-size: 24px; font-family: &quot;Playfair Display&quot;; color: rgb(23, 37, 42);\">&#8211; Geschlossene Gesellschaft<\/span>\n                      <br>21. Juni<span style=\"font-weight: 400; font-size: 24px; font-family: &quot;Playfair Display&quot;; color: rgb(23, 37, 42);\">&nbsp;&#8211; Geschlossene Gesellschaft<\/span>\n                      <br>22. August<span style=\"font-weight: 400; font-size: 24px; font-family: &quot;Playfair Display&quot;; color: rgb(23, 37, 42);\">&nbsp;&#8211; Geschlossene Gesellschaft<\/span>\n                      <br>29. August<span style=\"font-weight: 400; font-size: 24px; font-family: &quot;Playfair Display&quot;; color: rgb(23, 37, 42);\">&nbsp;&#8211; Geschlossene Gesellschaft<\/span><\/p>\n                  <\/div>\n                <\/div>\n                <div data-colibri-id=\"33-c8\" class=\"h-text h-text-component style-1353 style-local-33-c8 position-relative h-element\">\n                  <!---->\n                  <!---->\n                  <div class=\"\">\n                    <p><em>Schuleinf\u00fchrung am 15. August 2026:<\/em><\/p>\n                    <p>F\u00fcr diesen Tag nehmen wir ab sofort wieder Anfragen f\u00fcr geschlossene Gesellschaften entgegen.<\/p>\n                  <\/div>\n                <\/div>\n              <\/div>\n            <\/div>\n          <\/div>\n        <\/div>\n      <\/div>\n    <\/div>\n  <\/div>\n  <div data-colibri-component=\"section\" data-colibri-id=\"33-c13\" data-aos=\"fadeInLeft\" id=\"about\" class=\"h-section h-section-global-spacing d-flex align-items-lg-center align-items-md-center align-items-center style-198 style-local-33-c13 position-relative\">\n    <!---->\n    <!---->\n    <div class=\"h-section-grid-container h-section-boxed-container\">\n      <!---->\n      <div data-colibri-id=\"33-c14\" class=\"h-row-container gutters-row-lg-0 gutters-row-md-0 gutters-row-0 gutters-row-v-lg-0 gutters-row-v-md-0 gutters-row-v-0 style-199 style-local-33-c14 position-relative\">\n        <!---->\n        <div class=\"h-row justify-content-lg-center justify-content-md-center justify-content-center align-items-lg-stretch align-items-md-stretch align-items-stretch gutters-col-lg-0 gutters-col-md-0 gutters-col-0 gutters-col-v-lg-0 gutters-col-v-md-0 gutters-col-v-0\">\n          <!---->\n          <div class=\"h-column h-column-container d-flex h-col-lg-6 h-col-md-6 h-col-12 style-200-outer style-local-33-c15-outer\">\n            <div data-colibri-id=\"33-c15\" class=\"d-flex h-flex-basis h-column__inner h-px-lg-0 h-px-md-0 h-px-0 v-inner-lg-0 v-inner-md-0 v-inner-0 style-200 style-local-33-c15 position-relative\">\n              <!---->\n              <!---->\n              <div class=\"w-100 h-y-container h-column__content h-column__v-align flex-basis-100 align-self-lg-start align-self-md-start align-self-start\">\n                <!---->\n                <div data-colibri-id=\"33-c16\" class=\"h-global-transition-all h-heading style-202 style-local-33-c16 position-relative h-element\">\n                  <!---->\n                  <div class=\"h-heading__outer style-202 style-local-33-c16\">\n                    <!---->\n                    <!---->\n                    <h2 class=\"\">Ein Platz zum Verweilen<\/h2>\n                  <\/div>\n                <\/div>\n                <div data-colibri-id=\"33-c17\" class=\"h-text h-text-component style-203 style-local-33-c17 position-relative h-element\">\n                  <!---->\n                  <!---->\n                  <div class=\"\">\n                    <p>Die Winterpause wurde genutzt, um Ihren Besuch bei uns noch sch\u00f6ner zu gestalten!<\/p>\n                    <p>\n                      <br>\n                    <\/p>\n                    <p><strong>Garten an der Villa Schurich:<\/strong>&nbsp;<\/p>\n                    <p>Bereits in der vorigen Winterpause wurde die vernachl\u00e4ssigte Terrasse nutzbar gemacht. Nun s\u00e4umen Beete den Zaun und der Eingang von der Stra\u00dfe aus wurde mit sonnigen Sitzpl\u00e4tzen versehen.<\/p>\n                    <p>\n                      <br>\n                    <\/p>\n                    <p><strong>Sitzpl\u00e4tze am Hafen:<\/strong>&nbsp;<\/p>\n                    <p>Genie\u00dfen Sie die Pl\u00e4tze direkt am Wasser. Hier k\u00f6nnen Sie mit dem Boot kommend anlegen und die Idylle am Kanal genie\u00dfen.<\/p>\n                    <p>\n                      <br>\n                    <\/p>\n                    <p><strong>Einzigartige Atmosph\u00e4re auf dem Riverboat:<\/strong>&nbsp;<\/p>\n                    <p>Die Reling vom Riverboat ist ein besonderer Platz, von dem aus Sie das bunte Treiben auf dem Karl-Heine-Kanal beobachten k\u00f6nnen.<\/p>\n                  <\/div>\n                <\/div>\n              <\/div>\n            <\/div>\n          <\/div>\n          <div class=\"h-column h-column-container d-flex h-col-lg-6 h-col-md-6 h-col-12 style-404-outer style-local-33-c18-outer\">\n            <div data-colibri-id=\"33-c18\" class=\"d-flex h-flex-basis h-column__inner h-ui-empty-state-container h-px-lg-2 h-px-md-2 h-px-2 v-inner-lg-2 v-inner-md-2 v-inner-2 style-404 style-local-33-c18 position-relative\">\n              <div class=\"background-wrapper\">\n                <div class=\"background-layer background-layer-media-container-lg\">\n                  <div data-slide-duration=\"5000\" data-slide-speed=\"1000\" data-colibri-component=\"slideshow\" class=\"background-layer colibri-slideshow\" model-id=\"33-c18\" media=\"desktop\">\n                    <div class=\"slideshow-image\" style=\"background-image: url(&quot;https:\/\/riverboat-bistro.de\/wp-content\/uploads\/2025\/04\/cropped-cropped-Garten.jpg&quot;); visibility: visible; z-index: 3; opacity: 0; transition: opacity 1000ms calc(4s);\"><\/div>\n                    <div class=\"slideshow-image\" style=\"background-image: url(&quot;https:\/\/riverboat-bistro.de\/wp-content\/uploads\/2025\/02\/cropped-cropped-front-fuer-flyer-1.jpg&quot;); z-index: 2;\"><\/div>\n                    <div class=\"slideshow-image\" style=\"background-image: url(&quot;https:\/\/riverboat-bistro.de\/wp-content\/uploads\/2025\/02\/cropped-cropped-RBL-Boot-aussen.jpg&quot;);\"><\/div>\n                  <\/div>\n                <\/div>\n                <div class=\"background-layer background-layer-media-container-md\">\n                  <div data-slide-duration=\"5000\" data-slide-speed=\"1000\" data-colibri-component=\"slideshow\" class=\"background-layer colibri-slideshow\" model-id=\"33-c18\" media=\"tablet\">\n                    <div class=\"slideshow-image\" style=\"background-image: url(&quot;https:\/\/riverboat-bistro.de\/wp-content\/uploads\/2025\/04\/cropped-cropped-Garten.jpg&quot;); visibility: visible; z-index: 3; opacity: 0; transition: opacity 1000ms calc(4s);\"><\/div>\n                    <div class=\"slideshow-image\" style=\"background-image: url(&quot;https:\/\/riverboat-bistro.de\/wp-content\/uploads\/2025\/02\/cropped-cropped-front-fuer-flyer-1.jpg&quot;); z-index: 2;\"><\/div>\n                    <div class=\"slideshow-image\" style=\"background-image: url(&quot;https:\/\/riverboat-bistro.de\/wp-content\/uploads\/2025\/02\/cropped-cropped-RBL-Boot-aussen.jpg&quot;);\"><\/div>\n                  <\/div>\n                <\/div>\n                <div class=\"background-layer background-layer-media-container\">\n                  <div data-slide-duration=\"5000\" data-slide-speed=\"1000\" data-colibri-component=\"slideshow\" class=\"background-layer colibri-slideshow\" model-id=\"33-c18\" media=\"mobile\">\n                    <div class=\"slideshow-image\" style=\"background-image: url(&quot;https:\/\/riverboat-bistro.de\/wp-content\/uploads\/2025\/04\/cropped-cropped-Garten.jpg&quot;); visibility: visible; z-index: 3; opacity: 0; transition: opacity 1000ms calc(4s);\"><\/div>\n                    <div class=\"slideshow-image\" style=\"background-image: url(&quot;https:\/\/riverboat-bistro.de\/wp-content\/uploads\/2025\/02\/cropped-cropped-front-fuer-flyer-1.jpg&quot;); z-index: 2;\"><\/div>\n                    <div class=\"slideshow-image\" style=\"background-image: url(&quot;https:\/\/riverboat-bistro.de\/wp-content\/uploads\/2025\/02\/cropped-cropped-RBL-Boot-aussen.jpg&quot;);\"><\/div>\n                  <\/div>\n                <\/div>\n              <\/div>\n              <!---->\n              <div class=\"w-100 h-y-container h-column__content h-column__v-align flex-basis-100\">\n                <!---->\n              <\/div>\n            <\/div>\n          <\/div>\n        <\/div>\n      <\/div>\n    <\/div>\n  <\/div>\n  <div data-colibri-component=\"section\" data-colibri-id=\"33-c19\" id=\"features\" class=\"h-section h-section-global-spacing d-flex align-items-lg-center align-items-md-center align-items-center style-899 style-local-33-c19 position-relative\">\n    <!---->\n    <!---->\n    <div class=\"h-section-grid-container h-section-boxed-container\">\n      <div data-colibri-id=\"33-c33\" class=\"h-row-container gutters-row-lg-2 gutters-row-md-2 gutters-row-0 gutters-row-v-lg-2 gutters-row-v-md-2 gutters-row-v-2 style-907 style-local-33-c33 position-relative\">\n        <!---->\n        <div class=\"h-row justify-content-lg-center justify-content-md-center justify-content-center align-items-lg-stretch align-items-md-stretch align-items-stretch gutters-col-lg-2 gutters-col-md-2 gutters-col-0 gutters-col-v-lg-2 gutters-col-v-md-2 gutters-col-v-2\">\n          <!---->\n          <div class=\"h-column h-column-container d-flex h-col-lg-auto h-col-md-auto h-col-auto style-908-outer style-local-33-c34-outer\">\n            <div data-colibri-id=\"33-c34\" class=\"d-flex h-flex-basis h-column__inner h-px-lg-2 h-px-md-2 h-px-2 v-inner-lg-2 v-inner-md-2 v-inner-2 style-908 style-local-33-c34 position-relative\">\n              <!---->\n              <!---->\n              <div class=\"w-100 h-y-container h-column__content h-column__v-align flex-basis-100 align-self-lg-start align-self-md-start align-self-start\">\n                <!---->\n                <div data-colibri-id=\"33-c35\" class=\"h-global-transition-all h-heading style-909 style-local-33-c35 position-relative h-element\">\n                  <!---->\n                  <div class=\"h-heading__outer style-909 style-local-33-c35\">\n                    <!---->\n                    <!---->\n                    <h2 class=\"\">Akzeptierte Zahlungsmittel<\/h2>\n                  <\/div>\n                <\/div>\n              <\/div>\n            <\/div>\n          <\/div>\n        <\/div>\n      <\/div>\n      <div data-colibri-id=\"33-c20\" class=\"h-row-container gutters-row-lg-2 gutters-row-md-2 gutters-row-2 gutters-row-v-lg-2 gutters-row-v-md-2 gutters-row-v-2 style-900 style-local-33-c20 position-relative\">\n        <!---->\n        <div class=\"h-row justify-content-lg-center justify-content-md-center justify-content-center align-items-lg-stretch align-items-md-stretch align-items-stretch gutters-col-lg-2 gutters-col-md-2 gutters-col-2 gutters-col-v-lg-2 gutters-col-v-md-2 gutters-col-v-2\">\n          <!---->\n          <div class=\"h-column h-column-container d-flex h-col-lg-3 h-col-md-6 h-col-12 style-901-outer style-local-33-c21-outer\">\n            <div data-colibri-id=\"33-c21\" class=\"d-flex h-flex-basis h-column__inner h-px-lg-3 h-px-md-3 h-px-2 v-inner-lg-3 v-inner-md-3 v-inner-2 style-901 style-local-33-c21 position-relative\">\n              <!---->\n              <!---->\n              <div class=\"w-100 h-y-container h-column__content h-column__v-align flex-basis-100 align-self-lg-center align-self-md-center align-self-center\">\n                <!---->\n                <div data-colibri-id=\"33-c22\" class=\"h-icon style-902 style-local-33-c22 position-relative h-element\">\n                  <!----><span class=\"h-svg-icon h-icon__icon style-902-icon style-local-33-c22-icon\"><!--Icon by Icons8 Line Awesome (https:\/\/icons8.com\/line-awesome)--><svg version=\"1.1\" xmlns=\"http:\/\/www.w3.org\/2000\/svg\" xmlns:xlink=\"http:\/\/www.w3.org\/1999\/xlink\" id=\"money\" viewBox=\"0 0 512 545.5\"><path d=\"M447 108l12 68h-32.5l-5.5-31-181 31H50.5zM32 192h448v256H32V192zm79 32c.533 2.603 1 5.238 1 8 0 22.092-17.908 40-40 40-2.762 0-5.396-.467-8-1v98c2.603-.533 5.238-1 8-1 22.092 0 40 17.908 40 40 0 2.762-.467 5.396-1 8h290c-.533-2.603-1-5.238-1-8 0-22.092 17.908-40 40-40 2.762 0 5.396.467 8 1v-98c-2.603.533-5.238 1-8 1-22.092 0-40-17.908-40-40 0-2.762.467-5.396 1-8H111zm145 16c43.993 0 80 36.007 80 80s-36.007 80-80 80-80-36.007-80-80 36.007-80 80-80zm0 32c-26.7 0-48 21.3-48 48s21.3 48 48 48 48-21.3 48-48-21.3-48-48-48z\"><\/path><\/svg><\/span><\/div>\n                <div\n                  data-colibri-id=\"33-c23\" class=\"h-global-transition-all h-heading style-903 style-local-33-c23 position-relative h-element\">\n                  <!---->\n                  <div class=\"h-heading__outer style-903 style-local-33-c23\">\n                    <!---->\n                    <!---->\n                    <h4 class=\"\">Bargeld<\/h4>\n                  <\/div>\n              <\/div>\n            <\/div>\n          <\/div>\n        <\/div>\n        <div class=\"h-column h-column-container d-flex h-col-lg-3 h-col-md-6 h-col-12 style-901-outer style-local-33-c24-outer\">\n          <div data-colibri-id=\"33-c24\" class=\"d-flex h-flex-basis h-column__inner h-px-lg-3 h-px-md-3 h-px-2 v-inner-lg-3 v-inner-md-3 v-inner-2 style-901 style-local-33-c24 position-relative\">\n            <!---->\n            <!---->\n            <div class=\"w-100 h-y-container h-column__content h-column__v-align flex-basis-100 align-self-lg-center align-self-md-center align-self-center\">\n              <!---->\n              <div data-colibri-id=\"33-c25\" class=\"h-icon style-902 style-local-33-c25 position-relative h-element\">\n                <!----><span class=\"h-svg-icon h-icon__icon style-902-icon style-local-33-c25-icon\"><!--Icon by Font Awesome (https:\/\/fontawesome.com)-->\n    <svg version=\"1.1\" xmlns=\"http:\/\/www.w3.org\/2000\/svg\" xmlns:xlink=\"http:\/\/www.w3.org\/1999\/xlink\" id=\"credit-card\" viewBox=\"0 0 1920 1896.0833\">\n      <path d=\"M1760 128q66 0 113 47t47 113v1216q0 66-47 113t-113 47H160q-66 0-113-47T0 1504V288q0-66 47-113t113-47h1600zM160 256q-13 0-22.5 9.5T128 288v224h1664V288q0-13-9.5-22.5T1760 256H160zm1600 1280q13 0 22.5-9.5t9.5-22.5V896H128v608q0 13 9.5 22.5t22.5 9.5h1600zM256 1408v-128h256v128H256zm384 0v-128h384v128H640z\"><\/path>\n    <\/svg><\/span><\/div>\n              <div data-colibri-id=\"33-c26\" class=\"h-global-transition-all h-heading style-903 style-local-33-c26 position-relative h-element\">\n                <!---->\n                <div class=\"h-heading__outer style-903 style-local-33-c26\">\n                  <!---->\n                  <!---->\n                  <h4 class=\"\">Giro-\/Kreditkarte<\/h4>\n                <\/div>\n              <\/div>\n            <\/div>\n          <\/div>\n        <\/div>\n        <div class=\"h-column h-column-container d-flex h-col-lg-3 h-col-md-6 h-col-12 style-901-outer style-local-33-c27-outer\">\n          <div data-colibri-id=\"33-c27\" class=\"d-flex h-flex-basis h-column__inner h-px-lg-3 h-px-md-3 h-px-2 v-inner-lg-3 v-inner-md-3 v-inner-2 style-901 style-local-33-c27 position-relative\">\n            <!---->\n            <!---->\n            <div class=\"w-100 h-y-container h-column__content h-column__v-align flex-basis-100 align-self-lg-center align-self-md-center align-self-center\">\n              <!---->\n              <div data-colibri-id=\"33-c28\" class=\"h-icon style-902 style-local-33-c28 position-relative h-element\">\n                <!----><span class=\"h-svg-icon h-icon__icon style-902-icon style-local-33-c28-icon\"><!--Icon by Ionicons (https:\/\/ionicons.com)--><svg version=\"1.1\" xmlns=\"http:\/\/www.w3.org\/2000\/svg\" xmlns:xlink=\"http:\/\/www.w3.org\/1999\/xlink\" id=\"clock\" viewBox=\"0 0 448 512\"><path d=\"M224 32c124 0 224 100 224 224S348 480 224 480 0 380 0 256 100 32 224 32zm136 360c10-10 19-21 26-33l-27-16 8-14 27 16c13-25 21-52 22-81h-32v-16h32c-1-29-9-56-22-81l-27 16-8-14 27-16c-7-12-16-23-26-33s-21-19-33-26l-16 27-14-8 16-27c-25-13-52-21-81-22v32h-16V64c-29 1-56 9-81 22l16 27-14 8-16-27c-12 7-23 16-33 26s-19 21-26 33l27 16-8 14-27-16c-13 25-21 52-22 81h32v16H32c1 29 9 56 22 81l27-16 8 14-27 16c7 12 16 23 26 33s21 19 33 26l16-27 14 8-16 27c25 13 52 21 81 22v-32h16v32c29-1 56-9 81-22l-16-27 14-8 16 27c12-7 23-16 33-26zm8-151v32H251c-6 9-16 15-27 15-18 0-32-14-32-32 0-12 6-22 16-28v-68h32v68c5 3 9 8 12 13h116z\"><\/path><\/svg><\/span><\/div>\n              <div\n                data-colibri-id=\"33-c29\" class=\"h-global-transition-all h-heading style-903 style-local-33-c29 position-relative h-element\">\n                <!---->\n                <div class=\"h-heading__outer style-903 style-local-33-c29\">\n                  <!---->\n                  <!---->\n                  <h4 class=\"\">Blitz\u00fcberweisung<\/h4>\n                <\/div>\n            <\/div>\n          <\/div>\n        <\/div>\n      <\/div>\n      <div class=\"h-column h-column-container d-flex h-col-lg-3 h-col-md-6 h-col-12 style-901-outer style-local-33-c30-outer\">\n        <div data-colibri-id=\"33-c30\" class=\"d-flex h-flex-basis h-column__inner h-px-lg-3 h-px-md-3 h-px-2 v-inner-lg-3 v-inner-md-3 v-inner-2 style-901 style-local-33-c30 position-relative\">\n          <!---->\n          <!---->\n          <div class=\"w-100 h-y-container h-column__content h-column__v-align flex-basis-100 align-self-lg-center align-self-md-center align-self-center\">\n            <!---->\n            <div data-colibri-id=\"33-c31\" class=\"h-icon style-902 style-local-33-c31 position-relative h-element\">\n              <!----><span class=\"h-svg-icon h-icon__icon style-902-icon style-local-33-c31-icon\"><!--Icon by Font Awesome (https:\/\/fontawesome.com)-->\n    <svg version=\"1.1\" xmlns=\"http:\/\/www.w3.org\/2000\/svg\" xmlns:xlink=\"http:\/\/www.w3.org\/1999\/xlink\" id=\"paypal\" viewBox=\"0 0 1536 1896.0833\">\n      <path d=\"M1519 646q18 84-4 204-87 444-565 444h-44q-25 0-44 16.5t-24 42.5l-4 19-55 346-2 15q-5 26-24.5 42.5T708 1792H457q-21 0-33-15t-9-36q9-56 26.5-168t26.5-168 27-167.5 27-167.5q5-37 43-37h131q133 2 236-21 175-39 287-144 102-95 155-246 24-70 35-133 1-6 2.5-7.5t3.5-1 6 3.5q79 59 98 162zm-172-282q0 107-46 236-80 233-302 315-113 40-252 42 0 1-90 1l-90-1q-100 0-118 96-2 8-85 530-1 10-12 10H57q-22 0-36.5-16.5T9 1538L241 67q5-29 27.5-48T320 0h598q34 0 97.5 13T1127 45q107 41 163.5 123t56.5 196z\"><\/path>\n    <\/svg><\/span><\/div>\n            <div data-colibri-id=\"33-c32\" class=\"h-global-transition-all h-heading style-903 style-local-33-c32 position-relative h-element\">\n              <!---->\n              <div class=\"h-heading__outer style-903 style-local-33-c32\">\n                <!---->\n                <!---->\n                <h4 class=\"\">Paypal<\/h4>\n              <\/div>\n            <\/div>\n          <\/div>\n        <\/div>\n      <\/div>\n    <\/div>\n  <\/div>\n<\/div>\n<\/div>\n<\/div>","protected":false},"excerpt":{"rendered":"<p>Aktuelles Schlie\u00dftage 24. April &#8211; Geschlossene Gesellschaft 26. April &#8211; Geschlossene Gesellschaft 23. Mai&nbsp;&#8211; Geschlossene Gesellschaft 06. Juni &#8211; Geschlossene Gesellschaft 21. Juni&nbsp;&#8211; Geschlossene Gesellschaft 22. August&nbsp;&#8211; Geschlossene Gesellschaft 29. August&nbsp;&#8211; Geschlossene Gesellschaft Schuleinf\u00fchrung am 15. August 2026: F\u00fcr diesen Tag nehmen wir ab sofort wieder Anfragen f\u00fcr geschlossene Gesellschaften entgegen. Ein Platz zum Verweilen [&hellip;]<\/p>\n","protected":false},"author":1,"featured_media":0,"parent":0,"menu_order":0,"comment_status":"closed","ping_status":"closed","template":"page-templates\/homepage.php","meta":{"footnotes":""},"class_list":["post-33","page","type-page","status-publish","hentry"],"_links":{"self":[{"href":"https:\/\/riverboat-bistro.de\/index.php?rest_route=\/wp\/v2\/pages\/33","targetHints":{"allow":["GET"]}}],"collection":[{"href":"https:\/\/riverboat-bistro.de\/index.php?rest_route=\/wp\/v2\/pages"}],"about":[{"href":"https:\/\/riverboat-bistro.de\/index.php?rest_route=\/wp\/v2\/types\/page"}],"author":[{"embeddable":true,"href":"https:\/\/riverboat-bistro.de\/index.php?rest_route=\/wp\/v2\/users\/1"}],"replies":[{"embeddable":true,"href":"https:\/\/riverboat-bistro.de\/index.php?rest_route=%2Fwp%2Fv2%2Fcomments&post=33"}],"version-history":[{"count":20,"href":"https:\/\/riverboat-bistro.de\/index.php?rest_route=\/wp\/v2\/pages\/33\/revisions"}],"predecessor-version":[{"id":4114,"href":"https:\/\/riverboat-bistro.de\/index.php?rest_route=\/wp\/v2\/pages\/33\/revisions\/4114"}],"wp:attachment":[{"href":"https:\/\/riverboat-bistro.de\/index.php?rest_route=%2Fwp%2Fv2%2Fmedia&parent=33"}],"curies":[{"name":"wp","href":"https:\/\/api.w.org\/{rel}","templated":true}]}}